{"id":1003,"date":"2025-05-27T09:09:58","date_gmt":"2025-05-27T09:09:58","guid":{"rendered":"https:\/\/nice-snyder.92-205-231-245.plesk.page\/?page_id=1003"},"modified":"2025-11-04T12:26:01","modified_gmt":"2025-11-04T11:26:01","slug":"smagen-af-bison","status":"publish","type":"page","link":"https:\/\/nice-snyder.92-205-231-245.plesk.page\/?page_id=1003","title":{"rendered":"Smagen af bison"},"content":{"rendered":"\t\t<div data-elementor-type=\"wp-page\" data-elementor-id=\"1003\" class=\"elementor elementor-1003\" data-elementor-post-type=\"page\">\n\t\t\t\t<div class=\"elementor-element elementor-element-653041f e-con-full e-flex e-con e-parent\" data-id=\"653041f\" data-element_type=\"container\" data-settings=\"{&quot;background_background&quot;:&quot;classic&quot;}\">\n\t\t\t\t<div class=\"elementor-element elementor-element-c477b77 elementor-widget elementor-widget-heading\" data-id=\"c477b77\" data-element_type=\"widget\" data-widget_type=\"heading.default\">\n\t\t\t\t<div class=\"elementor-widget-container\">\n\t\t\t\t\t<h2 class=\"elementor-heading-title elementor-size-default\">Smagen af bison<\/h2>\t\t\t\t<\/div>\n\t\t\t\t<\/div>\n\t\t\t\t<\/div>\n\t\t<div class=\"elementor-element elementor-element-d113542 e-flex e-con-boxed e-con e-parent\" data-id=\"d113542\" data-element_type=\"container\">\n\t\t\t\t\t<div class=\"e-con-inner\">\n\t\t<div class=\"elementor-element elementor-element-c7e3060 e-con-full e-flex e-con e-child\" data-id=\"c7e3060\" data-element_type=\"container\">\n\t\t\t\t<div class=\"elementor-element elementor-element-0380d3f elementor-widget elementor-widget-heading\" data-id=\"0380d3f\" data-element_type=\"widget\" data-widget_type=\"heading.default\">\n\t\t\t\t<div class=\"elementor-widget-container\">\n\t\t\t\t\t<h2 class=\"elementor-heading-title elementor-size-default\">Bisonk\u00f8det\n<\/h2>\t\t\t\t<\/div>\n\t\t\t\t<\/div>\n\t\t\t\t<div class=\"elementor-element elementor-element-94d6437 elementor-widget elementor-widget-text-editor\" data-id=\"94d6437\" data-element_type=\"widget\" data-widget_type=\"text-editor.default\">\n\t\t\t\t<div class=\"elementor-widget-container\">\n\t\t\t\t\t\t\t\t\t<p>SMAGEN af bison er selvf\u00f8lgelig subjektiv, men vi oplever den ofte beskrevet som en mellemting mellem kalvek\u00f8d og vildt. En fin og delikat smag, god saftighed og m\u00f8rhed.<\/p>\n<p>Bisonk\u00f8d er generelt mere r\u00f8dt end almindeligt oksek\u00f8d, hvilket skyldes et h\u00f8jere indhold af jern. Samtidig er bisonk\u00f8det s\u00e6rligt rigt p\u00e5 protein og utrolig fedtfattigt.<\/p>\n<p>I vores produkt f\u00e5r du magert,&nbsp;proteinrigt k\u00f8d fra dyr opdr\u00e6ttet i Danmark og med dyrevelf\u00e6rd v\u00e6gtet meget h\u00f8jt; dyr der har g\u00e5et hele deres liv p\u00e5 \u00e5bne marker i socialt samspil med deres egne artsf\u00e6ller; dyr der slagtes p\u00e5 folden og ikke stresses med transport til slagtehuset.<\/p>\n<p><strong>Produkterne fra bisonokserne p\u00e5 Ditlevsdal&nbsp;er ligeledes anbefalet af<em>&nbsp;<span style=\"color: #770403;\"><a style=\"color: #770403;\" href=\"https:\/\/www.dyrenesbeskyttelse.dk\/anbefalet-af-dyrenes-beskyttelse\">Dyrenes Beskyttelse<\/a><\/span><\/em><span style=\"color: #770403;\">!<\/span><\/strong><\/p>\n<p>Har du brug for det, f\u00e5r du individuel vejledning til tilberedning af bisonk\u00f8det, eller vi kan bidrage med id\u00e9er til tilbeh\u00f8r. Ofte har vi ogs\u00e5 mulighed for at hente \u00e9n af vores kokke, hvis der skulle blive brug for det.<\/p>\t\t\t\t\t\t\t\t<\/div>\n\t\t\t\t<\/div>\n\t\t\t\t<div class=\"elementor-element elementor-element-963177d elementor-widget elementor-widget-heading\" data-id=\"963177d\" data-element_type=\"widget\" data-widget_type=\"heading.default\">\n\t\t\t\t<div class=\"elementor-widget-container\">\n\t\t\t\t\t<h2 class=\"elementor-heading-title elementor-size-default\"><a href=\"https:\/\/www.jysknaturkoed.dk\/vare-kategori\/bison\/\">K\u00f8b bisonk\u00f8d online via Jysk Naturk\u00f8d<\/a><\/h2>\t\t\t\t<\/div>\n\t\t\t\t<\/div>\n\t\t\t\t<div class=\"elementor-element elementor-element-19548a7 elementor-widget elementor-widget-image\" data-id=\"19548a7\" data-element_type=\"widget\" data-widget_type=\"image.default\">\n\t\t\t\t<div class=\"elementor-widget-container\">\n\t\t\t\t\t\t\t\t\t\t\t\t\t\t\t\t<a href=\"https:\/\/www.jysknaturkoed.dk\/vare-kategori\/bison\/\">\n\t\t\t\t\t\t\t<img fetchpriority=\"high\" decoding=\"async\" width=\"800\" height=\"262\" src=\"https:\/\/nice-snyder.92-205-231-245.plesk.page\/wp-content\/uploads\/2025\/05\/jysk-naturkoed-1024x335.png-1.webp\" class=\"attachment-large size-large wp-image-823\" alt=\"\" srcset=\"https:\/\/nice-snyder.92-205-231-245.plesk.page\/wp-content\/uploads\/2025\/05\/jysk-naturkoed-1024x335.png-1.webp 1024w, https:\/\/nice-snyder.92-205-231-245.plesk.page\/wp-content\/uploads\/2025\/05\/jysk-naturkoed-1024x335.png-1-600x196.webp 600w, https:\/\/nice-snyder.92-205-231-245.plesk.page\/wp-content\/uploads\/2025\/05\/jysk-naturkoed-1024x335.png-1-300x98.webp 300w, https:\/\/nice-snyder.92-205-231-245.plesk.page\/wp-content\/uploads\/2025\/05\/jysk-naturkoed-1024x335.png-1-768x251.webp 768w\" sizes=\"(max-width: 800px) 100vw, 800px\" \/>\t\t\t\t\t\t\t\t<\/a>\n\t\t\t\t\t\t\t\t\t\t\t\t\t\t\t<\/div>\n\t\t\t\t<\/div>\n\t\t\t\t<\/div>\n\t\t<div class=\"elementor-element elementor-element-17c8900 e-con-full e-flex e-con e-child\" data-id=\"17c8900\" data-element_type=\"container\">\n\t\t\t\t<div class=\"elementor-element elementor-element-6b31d75 elementor-widget elementor-widget-heading\" data-id=\"6b31d75\" data-element_type=\"widget\" data-widget_type=\"heading.default\">\n\t\t\t\t<div class=\"elementor-widget-container\">\n\t\t\t\t\t<h2 class=\"elementor-heading-title elementor-size-default\">Amerikansk forskning<\/h2>\t\t\t\t<\/div>\n\t\t\t\t<\/div>\n\t\t\t\t<div class=\"elementor-element elementor-element-a8a8fdc elementor-widget elementor-widget-text-editor\" data-id=\"a8a8fdc\" data-element_type=\"widget\" data-widget_type=\"text-editor.default\">\n\t\t\t\t<div class=\"elementor-widget-container\">\n\t\t\t\t\t\t\t\t\t<p>Dr. M. Marchello fra North Dakota State University har forsket i bisonk\u00f8dets ern\u00e6ringsm\u00e6ssige fordele\/ulemper. Hans forskning viser, at bisonk\u00f8d har en\u00a0<em>h\u00f8j ern\u00e6ringsm\u00e6ssig v\u00e6rdi<\/em>, set p\u00e5 indholdet af protein, fedt, mineraler og fedtsyrer ift. indholdet af kalorier. Sammenlignet med andre k\u00f8dtyper har bisonk\u00f8d en\u00a0<em>st\u00f8rre koncentration af jern, protein og de essentielle fedtsyrer.<\/em><\/p><p><span style=\"color: #770403;\"><a style=\"color: #770403;\" href=\"https:\/\/nice-snyder.92-205-231-245.plesk.page\/wp-content\/uploads\/2025\/05\/Nutrition-Chart.jpg\" target=\"_blank\" rel=\"noopener\">Se forskningsresultater her<\/a><\/span><\/p><p>Readers Digest Magasine har listet bisonk\u00f8d som \u00e9n af de fire f\u00f8devarer, kvinder burde spise p\u00e5 grund af et h\u00f8jere jernindhold. Bisonk\u00f8det appellere\u00a0i USA p\u00e5 samme m\u00e5de til \u00e6ldre, diabetikere, kvinder og fitness-ud\u00f8vere.<\/p>\t\t\t\t\t\t\t\t<\/div>\n\t\t\t\t<\/div>\n\t\t\t\t<div class=\"elementor-element elementor-element-672dc16 elementor-widget elementor-widget-heading\" data-id=\"672dc16\" data-element_type=\"widget\" data-widget_type=\"heading.default\">\n\t\t\t\t<div class=\"elementor-widget-container\">\n\t\t\t\t\t<h2 class=\"elementor-heading-title elementor-size-default\">Forskning p\u00e5 Ditlevsdal<\/h2>\t\t\t\t<\/div>\n\t\t\t\t<\/div>\n\t\t\t\t<div class=\"elementor-element elementor-element-5da67f7 elementor-widget elementor-widget-text-editor\" data-id=\"5da67f7\" data-element_type=\"widget\" data-widget_type=\"text-editor.default\">\n\t\t\t\t<div class=\"elementor-widget-container\">\n\t\t\t\t\t\t\t\t\t<p>Vi har i samarbejde med Danish Meat Research Institut lavet et forskningsprojekt omkring bisonk\u00f8det fra Ditlevsdal.<\/p><p>Vi afholdt en smagsunders\u00f8gelse der tydeligt viste at Bisonk\u00f8det ligger i en suver\u00e6n klasse b\u00e5de p\u00e5 m\u00f8rhed og saftighed. Det skilte sig ogs\u00e5 ud fra alm. oksek\u00f8d som vi kender det.<\/p><p>Nedenfor ses en graf der viser resultatet fra smagsunders\u00f8gelsen:<\/p><p><span style=\"color: #770403;\"><a style=\"color: #770403;\" href=\"https:\/\/nice-snyder.92-205-231-245.plesk.page\/wp-content\/uploads\/2025\/05\/smagsundersoegelse-resultat.pdf\">Smagsunders\u00f8gelse resultat<\/a><\/span><\/p><p>Resultatet af fedt, jern, protein og energi- indholdet i bisonk\u00f8det findes her:<\/p><p><span style=\"color: #770403;\"><a style=\"color: #770403;\" href=\"https:\/\/nice-snyder.92-205-231-245.plesk.page\/wp-content\/uploads\/2025\/05\/notat-naeringsindhold_2.pdf\">Forskningsresultat, DMRI<\/a><\/span><\/p><p>Resultaterne stemmer alts\u00e5 overens med de amerikanske og bekr\u00e6fter at k\u00f8det har flere ern\u00e6ringsm\u00e6ssige fordele!<\/p>\t\t\t\t\t\t\t\t<\/div>\n\t\t\t\t<\/div>\n\t\t\t\t<\/div>\n\t\t\t\t\t<\/div>\n\t\t\t\t<\/div>\n\t\t<div class=\"elementor-element elementor-element-ce9ed28 e-flex e-con-boxed e-con e-parent\" data-id=\"ce9ed28\" data-element_type=\"container\">\n\t\t\t\t\t<div class=\"e-con-inner\">\n\t\t\t\t\t<\/div>\n\t\t\t\t<\/div>\n\t\t\t\t<\/div>\n\t\t","protected":false},"excerpt":{"rendered":"<p>Smagen af bison Bisonk\u00f8det SMAGEN af bison er selvf\u00f8lgelig subjektiv, men vi oplever den ofte beskrevet som en mellemting mellem kalvek\u00f8d og vildt. En fin og delikat smag, god saftighed og m\u00f8rhed. Bisonk\u00f8d er generelt mere r\u00f8dt end almindeligt oksek\u00f8d, hvilket skyldes et h\u00f8jere indhold af jern. Samtidig er bisonk\u00f8det s\u00e6rligt rigt p\u00e5 protein og [&hellip;]<\/p>\n","protected":false},"author":1,"featured_media":0,"parent":0,"menu_order":0,"comment_status":"closed","ping_status":"closed","template":"","meta":{"_acf_changed":false,"wprm-recipe-roundup-name":"","wprm-recipe-roundup-description":"","footnotes":""},"class_list":["post-1003","page","type-page","status-publish","hentry"],"acf":[],"yoast_head":"<!-- This site is optimized with the Yoast SEO plugin v25.7 - https:\/\/yoast.com\/wordpress\/plugins\/seo\/ -->\n<title>Smagen af bison - Ditlevsdal Bisonfarm<\/title>\n<meta name=\"robots\" content=\"noindex, follow, max-snippet:-1, max-image-preview:large, max-video-preview:-1\" \/>\n<meta property=\"og:locale\" content=\"da_DK\" \/>\n<meta property=\"og:type\" content=\"article\" \/>\n<meta property=\"og:title\" content=\"Smagen af bison - Ditlevsdal Bisonfarm\" \/>\n<meta property=\"og:description\" content=\"Smagen af bison Bisonk\u00f8det SMAGEN af bison er selvf\u00f8lgelig subjektiv, men vi oplever den ofte beskrevet som en mellemting mellem kalvek\u00f8d og vildt. En fin og delikat smag, god saftighed og m\u00f8rhed. Bisonk\u00f8d er generelt mere r\u00f8dt end almindeligt oksek\u00f8d, hvilket skyldes et h\u00f8jere indhold af jern. Samtidig er bisonk\u00f8det s\u00e6rligt rigt p\u00e5 protein og [&hellip;]\" \/>\n<meta property=\"og:url\" content=\"https:\/\/nice-snyder.92-205-231-245.plesk.page\/?page_id=1003\" \/>\n<meta property=\"og:site_name\" content=\"Ditlevsdal Bisonfarm\" \/>\n<meta property=\"article:publisher\" content=\"https:\/\/www.facebook.com\/ditlevsdalbisonfarm\/?locale=da_DK\" \/>\n<meta property=\"article:modified_time\" content=\"2025-11-04T11:26:01+00:00\" \/>\n<meta property=\"og:image\" content=\"https:\/\/nice-snyder.92-205-231-245.plesk.page\/wp-content\/uploads\/2025\/05\/jysk-naturkoed-1024x335.png-1.webp\" \/>\n<meta name=\"twitter:card\" content=\"summary_large_image\" \/>\n<meta name=\"twitter:label1\" content=\"Estimeret l\u00e6setid\" \/>\n\t<meta name=\"twitter:data1\" content=\"3 minutter\" \/>\n<script type=\"application\/ld+json\" class=\"yoast-schema-graph\">{\"@context\":\"https:\/\/schema.org\",\"@graph\":[{\"@type\":\"WebPage\",\"@id\":\"https:\/\/nice-snyder.92-205-231-245.plesk.page\/?page_id=1003\",\"url\":\"https:\/\/nice-snyder.92-205-231-245.plesk.page\/?page_id=1003\",\"name\":\"Smagen af bison - Ditlevsdal Bisonfarm\",\"isPartOf\":{\"@id\":\"https:\/\/nice-snyder.92-205-231-245.plesk.page\/#website\"},\"primaryImageOfPage\":{\"@id\":\"https:\/\/nice-snyder.92-205-231-245.plesk.page\/?page_id=1003#primaryimage\"},\"image\":{\"@id\":\"https:\/\/nice-snyder.92-205-231-245.plesk.page\/?page_id=1003#primaryimage\"},\"thumbnailUrl\":\"https:\/\/nice-snyder.92-205-231-245.plesk.page\/wp-content\/uploads\/2025\/05\/jysk-naturkoed-1024x335.png-1.webp\",\"datePublished\":\"2025-05-27T09:09:58+00:00\",\"dateModified\":\"2025-11-04T11:26:01+00:00\",\"breadcrumb\":{\"@id\":\"https:\/\/nice-snyder.92-205-231-245.plesk.page\/?page_id=1003#breadcrumb\"},\"inLanguage\":\"da-DK\",\"potentialAction\":[{\"@type\":\"ReadAction\",\"target\":[\"https:\/\/nice-snyder.92-205-231-245.plesk.page\/?page_id=1003\"]}]},{\"@type\":\"ImageObject\",\"inLanguage\":\"da-DK\",\"@id\":\"https:\/\/nice-snyder.92-205-231-245.plesk.page\/?page_id=1003#primaryimage\",\"url\":\"https:\/\/nice-snyder.92-205-231-245.plesk.page\/wp-content\/uploads\/2025\/05\/jysk-naturkoed-1024x335.png-1.webp\",\"contentUrl\":\"https:\/\/nice-snyder.92-205-231-245.plesk.page\/wp-content\/uploads\/2025\/05\/jysk-naturkoed-1024x335.png-1.webp\",\"width\":1024,\"height\":335},{\"@type\":\"BreadcrumbList\",\"@id\":\"https:\/\/nice-snyder.92-205-231-245.plesk.page\/?page_id=1003#breadcrumb\",\"itemListElement\":[{\"@type\":\"ListItem\",\"position\":1,\"name\":\"Hjem\",\"item\":\"https:\/\/nice-snyder.92-205-231-245.plesk.page\/\"},{\"@type\":\"ListItem\",\"position\":2,\"name\":\"Smagen af bison\"}]},{\"@type\":\"WebSite\",\"@id\":\"https:\/\/nice-snyder.92-205-231-245.plesk.page\/#website\",\"url\":\"https:\/\/nice-snyder.92-205-231-245.plesk.page\/\",\"name\":\"Ditlevsdal Bison Farm\",\"description\":\"\",\"publisher\":{\"@id\":\"https:\/\/nice-snyder.92-205-231-245.plesk.page\/#organization\"},\"potentialAction\":[{\"@type\":\"SearchAction\",\"target\":{\"@type\":\"EntryPoint\",\"urlTemplate\":\"https:\/\/nice-snyder.92-205-231-245.plesk.page\/?s={search_term_string}\"},\"query-input\":{\"@type\":\"PropertyValueSpecification\",\"valueRequired\":true,\"valueName\":\"search_term_string\"}}],\"inLanguage\":\"da-DK\"},{\"@type\":\"Organization\",\"@id\":\"https:\/\/nice-snyder.92-205-231-245.plesk.page\/#organization\",\"name\":\"Ditlevsdal Bison Farm\",\"url\":\"https:\/\/nice-snyder.92-205-231-245.plesk.page\/\",\"logo\":{\"@type\":\"ImageObject\",\"inLanguage\":\"da-DK\",\"@id\":\"https:\/\/nice-snyder.92-205-231-245.plesk.page\/#\/schema\/logo\/image\/\",\"url\":\"https:\/\/nice-snyder.92-205-231-245.plesk.page\/wp-content\/uploads\/2025\/04\/logo.png\",\"contentUrl\":\"https:\/\/nice-snyder.92-205-231-245.plesk.page\/wp-content\/uploads\/2025\/04\/logo.png\",\"width\":355,\"height\":75,\"caption\":\"Ditlevsdal Bison Farm\"},\"image\":{\"@id\":\"https:\/\/nice-snyder.92-205-231-245.plesk.page\/#\/schema\/logo\/image\/\"},\"sameAs\":[\"https:\/\/www.facebook.com\/ditlevsdalbisonfarm\/?locale=da_DK\"]}]}<\/script>\n<!-- \/ Yoast SEO plugin. -->","yoast_head_json":{"title":"Smagen af bison - Ditlevsdal Bisonfarm","robots":{"index":"noindex","follow":"follow","max-snippet":"max-snippet:-1","max-image-preview":"max-image-preview:large","max-video-preview":"max-video-preview:-1"},"og_locale":"da_DK","og_type":"article","og_title":"Smagen af bison - Ditlevsdal Bisonfarm","og_description":"Smagen af bison Bisonk\u00f8det SMAGEN af bison er selvf\u00f8lgelig subjektiv, men vi oplever den ofte beskrevet som en mellemting mellem kalvek\u00f8d og vildt. En fin og delikat smag, god saftighed og m\u00f8rhed. Bisonk\u00f8d er generelt mere r\u00f8dt end almindeligt oksek\u00f8d, hvilket skyldes et h\u00f8jere indhold af jern. Samtidig er bisonk\u00f8det s\u00e6rligt rigt p\u00e5 protein og [&hellip;]","og_url":"https:\/\/nice-snyder.92-205-231-245.plesk.page\/?page_id=1003","og_site_name":"Ditlevsdal Bisonfarm","article_publisher":"https:\/\/www.facebook.com\/ditlevsdalbisonfarm\/?locale=da_DK","article_modified_time":"2025-11-04T11:26:01+00:00","og_image":[{"url":"https:\/\/nice-snyder.92-205-231-245.plesk.page\/wp-content\/uploads\/2025\/05\/jysk-naturkoed-1024x335.png-1.webp","type":"","width":"","height":""}],"twitter_card":"summary_large_image","twitter_misc":{"Estimeret l\u00e6setid":"3 minutter"},"schema":{"@context":"https:\/\/schema.org","@graph":[{"@type":"WebPage","@id":"https:\/\/nice-snyder.92-205-231-245.plesk.page\/?page_id=1003","url":"https:\/\/nice-snyder.92-205-231-245.plesk.page\/?page_id=1003","name":"Smagen af bison - Ditlevsdal Bisonfarm","isPartOf":{"@id":"https:\/\/nice-snyder.92-205-231-245.plesk.page\/#website"},"primaryImageOfPage":{"@id":"https:\/\/nice-snyder.92-205-231-245.plesk.page\/?page_id=1003#primaryimage"},"image":{"@id":"https:\/\/nice-snyder.92-205-231-245.plesk.page\/?page_id=1003#primaryimage"},"thumbnailUrl":"https:\/\/nice-snyder.92-205-231-245.plesk.page\/wp-content\/uploads\/2025\/05\/jysk-naturkoed-1024x335.png-1.webp","datePublished":"2025-05-27T09:09:58+00:00","dateModified":"2025-11-04T11:26:01+00:00","breadcrumb":{"@id":"https:\/\/nice-snyder.92-205-231-245.plesk.page\/?page_id=1003#breadcrumb"},"inLanguage":"da-DK","potentialAction":[{"@type":"ReadAction","target":["https:\/\/nice-snyder.92-205-231-245.plesk.page\/?page_id=1003"]}]},{"@type":"ImageObject","inLanguage":"da-DK","@id":"https:\/\/nice-snyder.92-205-231-245.plesk.page\/?page_id=1003#primaryimage","url":"https:\/\/nice-snyder.92-205-231-245.plesk.page\/wp-content\/uploads\/2025\/05\/jysk-naturkoed-1024x335.png-1.webp","contentUrl":"https:\/\/nice-snyder.92-205-231-245.plesk.page\/wp-content\/uploads\/2025\/05\/jysk-naturkoed-1024x335.png-1.webp","width":1024,"height":335},{"@type":"BreadcrumbList","@id":"https:\/\/nice-snyder.92-205-231-245.plesk.page\/?page_id=1003#breadcrumb","itemListElement":[{"@type":"ListItem","position":1,"name":"Hjem","item":"https:\/\/nice-snyder.92-205-231-245.plesk.page\/"},{"@type":"ListItem","position":2,"name":"Smagen af bison"}]},{"@type":"WebSite","@id":"https:\/\/nice-snyder.92-205-231-245.plesk.page\/#website","url":"https:\/\/nice-snyder.92-205-231-245.plesk.page\/","name":"Ditlevsdal Bison Farm","description":"","publisher":{"@id":"https:\/\/nice-snyder.92-205-231-245.plesk.page\/#organization"},"potentialAction":[{"@type":"SearchAction","target":{"@type":"EntryPoint","urlTemplate":"https:\/\/nice-snyder.92-205-231-245.plesk.page\/?s={search_term_string}"},"query-input":{"@type":"PropertyValueSpecification","valueRequired":true,"valueName":"search_term_string"}}],"inLanguage":"da-DK"},{"@type":"Organization","@id":"https:\/\/nice-snyder.92-205-231-245.plesk.page\/#organization","name":"Ditlevsdal Bison Farm","url":"https:\/\/nice-snyder.92-205-231-245.plesk.page\/","logo":{"@type":"ImageObject","inLanguage":"da-DK","@id":"https:\/\/nice-snyder.92-205-231-245.plesk.page\/#\/schema\/logo\/image\/","url":"https:\/\/nice-snyder.92-205-231-245.plesk.page\/wp-content\/uploads\/2025\/04\/logo.png","contentUrl":"https:\/\/nice-snyder.92-205-231-245.plesk.page\/wp-content\/uploads\/2025\/04\/logo.png","width":355,"height":75,"caption":"Ditlevsdal Bison Farm"},"image":{"@id":"https:\/\/nice-snyder.92-205-231-245.plesk.page\/#\/schema\/logo\/image\/"},"sameAs":["https:\/\/www.facebook.com\/ditlevsdalbisonfarm\/?locale=da_DK"]}]}},"_links":{"self":[{"href":"https:\/\/nice-snyder.92-205-231-245.plesk.page\/index.php?rest_route=\/wp\/v2\/pages\/1003","targetHints":{"allow":["GET"]}}],"collection":[{"href":"https:\/\/nice-snyder.92-205-231-245.plesk.page\/index.php?rest_route=\/wp\/v2\/pages"}],"about":[{"href":"https:\/\/nice-snyder.92-205-231-245.plesk.page\/index.php?rest_route=\/wp\/v2\/types\/page"}],"author":[{"embeddable":true,"href":"https:\/\/nice-snyder.92-205-231-245.plesk.page\/index.php?rest_route=\/wp\/v2\/users\/1"}],"replies":[{"embeddable":true,"href":"https:\/\/nice-snyder.92-205-231-245.plesk.page\/index.php?rest_route=%2Fwp%2Fv2%2Fcomments&post=1003"}],"version-history":[{"count":22,"href":"https:\/\/nice-snyder.92-205-231-245.plesk.page\/index.php?rest_route=\/wp\/v2\/pages\/1003\/revisions"}],"predecessor-version":[{"id":3760,"href":"https:\/\/nice-snyder.92-205-231-245.plesk.page\/index.php?rest_route=\/wp\/v2\/pages\/1003\/revisions\/3760"}],"wp:attachment":[{"href":"https:\/\/nice-snyder.92-205-231-245.plesk.page\/index.php?rest_route=%2Fwp%2Fv2%2Fmedia&parent=1003"}],"curies":[{"name":"wp","href":"https:\/\/api.w.org\/{rel}","templated":true}]}}