{"id":3835,"date":"2025-11-01T12:47:00","date_gmt":"2025-11-01T11:47:00","guid":{"rendered":"https:\/\/nice-snyder.92-205-231-245.plesk.page\/?post_type=product&#038;p=3835"},"modified":"2025-11-12T11:58:45","modified_gmt":"2025-11-12T10:58:45","slug":"fredagsbuffet-d-7-november-kl-18-00","status":"publish","type":"product","link":"https:\/\/nice-snyder.92-205-231-245.plesk.page\/?product=fredagsbuffet-d-7-november-kl-18-00","title":{"rendered":"Fredagsbuffet d. 7. november"},"content":{"rendered":"<p><strong>Nyd en l\u00e6kker 2-retters buffet med bisonk\u00f8det i centrum.<\/strong><\/p>\n<p>&nbsp;<\/p>\n<p>Buffeten best\u00e5r af min. 3 slags bisonk\u00f8d, diverse l\u00e6kre salater og garniture efter \u00e5rstiden, 2 slags kartofler, chutney og sauce. Hertil er der hjemmebagt br\u00f8d og sm\u00f8r. N\u00e5r du har spist dig m\u00e6t i buffeten, er der en lille l\u00e6kker dessert.<\/p>\n","protected":false},"excerpt":{"rendered":"<p>Nyd en l\u00e6kker 2-retters buffet med bisonk\u00f8det i centrum. &nbsp; Buffeten best\u00e5r af min. 3 slags bisonk\u00f8d, diverse l\u00e6kre salater og garniture efter \u00e5rstiden, 2 slags kartofler, chutney og sauce. Hertil er der hjemmebagt br\u00f8d og sm\u00f8r. N\u00e5r du har spist dig m\u00e6t i buffeten, er der en lille l\u00e6kker dessert.<\/p>\n","protected":false},"featured_media":145,"template":"","meta":{"_acf_changed":false,"wprm-recipe-roundup-name":"","wprm-recipe-roundup-description":""},"product_brand":[],"product_cat":[190],"product_tag":[],"class_list":{"0":"post-3835","1":"product","2":"type-product","3":"status-publish","4":"has-post-thumbnail","6":"product_cat-fredagsbuffet","8":"first","9":"instock","10":"purchasable","11":"product-type-variable"},"acf":[],"yoast_head":"<!-- This site is optimized with the Yoast SEO plugin v25.7 - https:\/\/yoast.com\/wordpress\/plugins\/seo\/ -->\n<title>Fredagsbuffet d. 7. november - Ditlevsdal Bisonfarm<\/title>\n<meta name=\"description\" content=\"Book bord til en unik og l\u00e6kker 2-retters buffet p\u00e5 Ditlevsdal Bisonfarm t\u00e6t p\u00e5 Odense. Bes\u00f8g Nordfyns pr\u00e6rie - et sted for hele familien. Vi ses p\u00e5 fredag!\" \/>\n<meta name=\"robots\" content=\"noindex, follow, max-snippet:-1, max-image-preview:large, max-video-preview:-1\" \/>\n<meta property=\"og:locale\" content=\"da_DK\" \/>\n<meta property=\"og:type\" content=\"article\" \/>\n<meta property=\"og:title\" content=\"Fredagsbuffet d. 7. november - Ditlevsdal Bisonfarm\" \/>\n<meta property=\"og:description\" content=\"Book bord til en unik og l\u00e6kker 2-retters buffet p\u00e5 Ditlevsdal Bisonfarm t\u00e6t p\u00e5 Odense. Bes\u00f8g Nordfyns pr\u00e6rie - et sted for hele familien. Vi ses p\u00e5 fredag!\" \/>\n<meta property=\"og:url\" content=\"https:\/\/nice-snyder.92-205-231-245.plesk.page\/product\/fredagsbuffet-d-7-november-kl-18-00\/\" \/>\n<meta property=\"og:site_name\" content=\"Ditlevsdal Bisonfarm\" \/>\n<meta property=\"article:publisher\" content=\"https:\/\/www.facebook.com\/ditlevsdalbisonfarm\/?locale=da_DK\" \/>\n<meta property=\"article:modified_time\" content=\"2025-11-12T10:58:45+00:00\" \/>\n<meta property=\"og:image\" content=\"https:\/\/nice-snyder.92-205-231-245.plesk.page\/wp-content\/uploads\/2025\/05\/bison-september-2024-61-e1743771303738.jpg\" \/>\n\t<meta property=\"og:image:width\" content=\"1087\" \/>\n\t<meta property=\"og:image:height\" content=\"587\" \/>\n\t<meta property=\"og:image:type\" content=\"image\/jpeg\" \/>\n<meta name=\"twitter:card\" content=\"summary_large_image\" \/>\n<meta name=\"twitter:label1\" content=\"Estimeret l\u00e6setid\" \/>\n\t<meta name=\"twitter:data1\" content=\"1 minut\" \/>\n<script type=\"application\/ld+json\" class=\"yoast-schema-graph\">{\"@context\":\"https:\/\/schema.org\",\"@graph\":[{\"@type\":\"WebPage\",\"@id\":\"https:\/\/nice-snyder.92-205-231-245.plesk.page\/product\/fredagsbuffet-d-7-november-kl-18-00\/\",\"url\":\"https:\/\/nice-snyder.92-205-231-245.plesk.page\/product\/fredagsbuffet-d-7-november-kl-18-00\/\",\"name\":\"Fredagsbuffet d. 7. november - Ditlevsdal Bisonfarm\",\"isPartOf\":{\"@id\":\"https:\/\/nice-snyder.92-205-231-245.plesk.page\/#website\"},\"primaryImageOfPage\":{\"@id\":\"https:\/\/nice-snyder.92-205-231-245.plesk.page\/product\/fredagsbuffet-d-7-november-kl-18-00\/#primaryimage\"},\"image\":{\"@id\":\"https:\/\/nice-snyder.92-205-231-245.plesk.page\/product\/fredagsbuffet-d-7-november-kl-18-00\/#primaryimage\"},\"thumbnailUrl\":\"https:\/\/nice-snyder.92-205-231-245.plesk.page\/wp-content\/uploads\/2025\/05\/bison-september-2024-61-e1743771303738.jpg\",\"datePublished\":\"2025-11-01T11:47:00+00:00\",\"dateModified\":\"2025-11-12T10:58:45+00:00\",\"description\":\"Book bord til en unik og l\u00e6kker 2-retters buffet p\u00e5 Ditlevsdal Bisonfarm t\u00e6t p\u00e5 Odense. Bes\u00f8g Nordfyns pr\u00e6rie - et sted for hele familien. Vi ses p\u00e5 fredag!\",\"breadcrumb\":{\"@id\":\"https:\/\/nice-snyder.92-205-231-245.plesk.page\/product\/fredagsbuffet-d-7-november-kl-18-00\/#breadcrumb\"},\"inLanguage\":\"da-DK\",\"potentialAction\":[{\"@type\":\"ReadAction\",\"target\":[\"https:\/\/nice-snyder.92-205-231-245.plesk.page\/product\/fredagsbuffet-d-7-november-kl-18-00\/\"]}]},{\"@type\":\"ImageObject\",\"inLanguage\":\"da-DK\",\"@id\":\"https:\/\/nice-snyder.92-205-231-245.plesk.page\/product\/fredagsbuffet-d-7-november-kl-18-00\/#primaryimage\",\"url\":\"https:\/\/nice-snyder.92-205-231-245.plesk.page\/wp-content\/uploads\/2025\/05\/bison-september-2024-61-e1743771303738.jpg\",\"contentUrl\":\"https:\/\/nice-snyder.92-205-231-245.plesk.page\/wp-content\/uploads\/2025\/05\/bison-september-2024-61-e1743771303738.jpg\",\"width\":1087,\"height\":587},{\"@type\":\"BreadcrumbList\",\"@id\":\"https:\/\/nice-snyder.92-205-231-245.plesk.page\/product\/fredagsbuffet-d-7-november-kl-18-00\/#breadcrumb\",\"itemListElement\":[{\"@type\":\"ListItem\",\"position\":1,\"name\":\"Hjem\",\"item\":\"https:\/\/nice-snyder.92-205-231-245.plesk.page\/\"},{\"@type\":\"ListItem\",\"position\":2,\"name\":\"Shop\",\"item\":\"https:\/\/nice-snyder.92-205-231-245.plesk.page\/?page_id=1385\"},{\"@type\":\"ListItem\",\"position\":3,\"name\":\"Fredagsbuffet d. 7. november\"}]},{\"@type\":\"WebSite\",\"@id\":\"https:\/\/nice-snyder.92-205-231-245.plesk.page\/#website\",\"url\":\"https:\/\/nice-snyder.92-205-231-245.plesk.page\/\",\"name\":\"Ditlevsdal Bison Farm\",\"description\":\"\",\"publisher\":{\"@id\":\"https:\/\/nice-snyder.92-205-231-245.plesk.page\/#organization\"},\"potentialAction\":[{\"@type\":\"SearchAction\",\"target\":{\"@type\":\"EntryPoint\",\"urlTemplate\":\"https:\/\/nice-snyder.92-205-231-245.plesk.page\/?s={search_term_string}\"},\"query-input\":{\"@type\":\"PropertyValueSpecification\",\"valueRequired\":true,\"valueName\":\"search_term_string\"}}],\"inLanguage\":\"da-DK\"},{\"@type\":\"Organization\",\"@id\":\"https:\/\/nice-snyder.92-205-231-245.plesk.page\/#organization\",\"name\":\"Ditlevsdal Bison Farm\",\"url\":\"https:\/\/nice-snyder.92-205-231-245.plesk.page\/\",\"logo\":{\"@type\":\"ImageObject\",\"inLanguage\":\"da-DK\",\"@id\":\"https:\/\/nice-snyder.92-205-231-245.plesk.page\/#\/schema\/logo\/image\/\",\"url\":\"https:\/\/nice-snyder.92-205-231-245.plesk.page\/wp-content\/uploads\/2025\/04\/logo.png\",\"contentUrl\":\"https:\/\/nice-snyder.92-205-231-245.plesk.page\/wp-content\/uploads\/2025\/04\/logo.png\",\"width\":355,\"height\":75,\"caption\":\"Ditlevsdal Bison Farm\"},\"image\":{\"@id\":\"https:\/\/nice-snyder.92-205-231-245.plesk.page\/#\/schema\/logo\/image\/\"},\"sameAs\":[\"https:\/\/www.facebook.com\/ditlevsdalbisonfarm\/?locale=da_DK\"]}]}<\/script>\n<!-- \/ Yoast SEO plugin. -->","yoast_head_json":{"title":"Fredagsbuffet d. 7. november - Ditlevsdal Bisonfarm","description":"Book bord til en unik og l\u00e6kker 2-retters buffet p\u00e5 Ditlevsdal Bisonfarm t\u00e6t p\u00e5 Odense. Bes\u00f8g Nordfyns pr\u00e6rie - et sted for hele familien. Vi ses p\u00e5 fredag!","robots":{"index":"noindex","follow":"follow","max-snippet":"max-snippet:-1","max-image-preview":"max-image-preview:large","max-video-preview":"max-video-preview:-1"},"og_locale":"da_DK","og_type":"article","og_title":"Fredagsbuffet d. 7. november - Ditlevsdal Bisonfarm","og_description":"Book bord til en unik og l\u00e6kker 2-retters buffet p\u00e5 Ditlevsdal Bisonfarm t\u00e6t p\u00e5 Odense. Bes\u00f8g Nordfyns pr\u00e6rie - et sted for hele familien. Vi ses p\u00e5 fredag!","og_url":"https:\/\/nice-snyder.92-205-231-245.plesk.page\/product\/fredagsbuffet-d-7-november-kl-18-00\/","og_site_name":"Ditlevsdal Bisonfarm","article_publisher":"https:\/\/www.facebook.com\/ditlevsdalbisonfarm\/?locale=da_DK","article_modified_time":"2025-11-12T10:58:45+00:00","og_image":[{"width":1087,"height":587,"url":"https:\/\/nice-snyder.92-205-231-245.plesk.page\/wp-content\/uploads\/2025\/05\/bison-september-2024-61-e1743771303738.jpg","type":"image\/jpeg"}],"twitter_card":"summary_large_image","twitter_misc":{"Estimeret l\u00e6setid":"1 minut"},"schema":{"@context":"https:\/\/schema.org","@graph":[{"@type":"WebPage","@id":"https:\/\/nice-snyder.92-205-231-245.plesk.page\/product\/fredagsbuffet-d-7-november-kl-18-00\/","url":"https:\/\/nice-snyder.92-205-231-245.plesk.page\/product\/fredagsbuffet-d-7-november-kl-18-00\/","name":"Fredagsbuffet d. 7. november - Ditlevsdal Bisonfarm","isPartOf":{"@id":"https:\/\/nice-snyder.92-205-231-245.plesk.page\/#website"},"primaryImageOfPage":{"@id":"https:\/\/nice-snyder.92-205-231-245.plesk.page\/product\/fredagsbuffet-d-7-november-kl-18-00\/#primaryimage"},"image":{"@id":"https:\/\/nice-snyder.92-205-231-245.plesk.page\/product\/fredagsbuffet-d-7-november-kl-18-00\/#primaryimage"},"thumbnailUrl":"https:\/\/nice-snyder.92-205-231-245.plesk.page\/wp-content\/uploads\/2025\/05\/bison-september-2024-61-e1743771303738.jpg","datePublished":"2025-11-01T11:47:00+00:00","dateModified":"2025-11-12T10:58:45+00:00","description":"Book bord til en unik og l\u00e6kker 2-retters buffet p\u00e5 Ditlevsdal Bisonfarm t\u00e6t p\u00e5 Odense. Bes\u00f8g Nordfyns pr\u00e6rie - et sted for hele familien. Vi ses p\u00e5 fredag!","breadcrumb":{"@id":"https:\/\/nice-snyder.92-205-231-245.plesk.page\/product\/fredagsbuffet-d-7-november-kl-18-00\/#breadcrumb"},"inLanguage":"da-DK","potentialAction":[{"@type":"ReadAction","target":["https:\/\/nice-snyder.92-205-231-245.plesk.page\/product\/fredagsbuffet-d-7-november-kl-18-00\/"]}]},{"@type":"ImageObject","inLanguage":"da-DK","@id":"https:\/\/nice-snyder.92-205-231-245.plesk.page\/product\/fredagsbuffet-d-7-november-kl-18-00\/#primaryimage","url":"https:\/\/nice-snyder.92-205-231-245.plesk.page\/wp-content\/uploads\/2025\/05\/bison-september-2024-61-e1743771303738.jpg","contentUrl":"https:\/\/nice-snyder.92-205-231-245.plesk.page\/wp-content\/uploads\/2025\/05\/bison-september-2024-61-e1743771303738.jpg","width":1087,"height":587},{"@type":"BreadcrumbList","@id":"https:\/\/nice-snyder.92-205-231-245.plesk.page\/product\/fredagsbuffet-d-7-november-kl-18-00\/#breadcrumb","itemListElement":[{"@type":"ListItem","position":1,"name":"Hjem","item":"https:\/\/nice-snyder.92-205-231-245.plesk.page\/"},{"@type":"ListItem","position":2,"name":"Shop","item":"https:\/\/nice-snyder.92-205-231-245.plesk.page\/?page_id=1385"},{"@type":"ListItem","position":3,"name":"Fredagsbuffet d. 7. november"}]},{"@type":"WebSite","@id":"https:\/\/nice-snyder.92-205-231-245.plesk.page\/#website","url":"https:\/\/nice-snyder.92-205-231-245.plesk.page\/","name":"Ditlevsdal Bison Farm","description":"","publisher":{"@id":"https:\/\/nice-snyder.92-205-231-245.plesk.page\/#organization"},"potentialAction":[{"@type":"SearchAction","target":{"@type":"EntryPoint","urlTemplate":"https:\/\/nice-snyder.92-205-231-245.plesk.page\/?s={search_term_string}"},"query-input":{"@type":"PropertyValueSpecification","valueRequired":true,"valueName":"search_term_string"}}],"inLanguage":"da-DK"},{"@type":"Organization","@id":"https:\/\/nice-snyder.92-205-231-245.plesk.page\/#organization","name":"Ditlevsdal Bison Farm","url":"https:\/\/nice-snyder.92-205-231-245.plesk.page\/","logo":{"@type":"ImageObject","inLanguage":"da-DK","@id":"https:\/\/nice-snyder.92-205-231-245.plesk.page\/#\/schema\/logo\/image\/","url":"https:\/\/nice-snyder.92-205-231-245.plesk.page\/wp-content\/uploads\/2025\/04\/logo.png","contentUrl":"https:\/\/nice-snyder.92-205-231-245.plesk.page\/wp-content\/uploads\/2025\/04\/logo.png","width":355,"height":75,"caption":"Ditlevsdal Bison Farm"},"image":{"@id":"https:\/\/nice-snyder.92-205-231-245.plesk.page\/#\/schema\/logo\/image\/"},"sameAs":["https:\/\/www.facebook.com\/ditlevsdalbisonfarm\/?locale=da_DK"]}]}},"_links":{"self":[{"href":"https:\/\/nice-snyder.92-205-231-245.plesk.page\/index.php?rest_route=\/wp\/v2\/product\/3835","targetHints":{"allow":["GET"]}}],"collection":[{"href":"https:\/\/nice-snyder.92-205-231-245.plesk.page\/index.php?rest_route=\/wp\/v2\/product"}],"about":[{"href":"https:\/\/nice-snyder.92-205-231-245.plesk.page\/index.php?rest_route=\/wp\/v2\/types\/product"}],"version-history":[{"count":16,"href":"https:\/\/nice-snyder.92-205-231-245.plesk.page\/index.php?rest_route=\/wp\/v2\/product\/3835\/revisions"}],"predecessor-version":[{"id":4141,"href":"https:\/\/nice-snyder.92-205-231-245.plesk.page\/index.php?rest_route=\/wp\/v2\/product\/3835\/revisions\/4141"}],"wp:featuredmedia":[{"embeddable":true,"href":"https:\/\/nice-snyder.92-205-231-245.plesk.page\/index.php?rest_route=\/wp\/v2\/media\/145"}],"wp:attachment":[{"href":"https:\/\/nice-snyder.92-205-231-245.plesk.page\/index.php?rest_route=%2Fwp%2Fv2%2Fmedia&parent=3835"}],"wp:term":[{"taxonomy":"product_brand","embeddable":true,"href":"https:\/\/nice-snyder.92-205-231-245.plesk.page\/index.php?rest_route=%2Fwp%2Fv2%2Fproduct_brand&post=3835"},{"taxonomy":"product_cat","embeddable":true,"href":"https:\/\/nice-snyder.92-205-231-245.plesk.page\/index.php?rest_route=%2Fwp%2Fv2%2Fproduct_cat&post=3835"},{"taxonomy":"product_tag","embeddable":true,"href":"https:\/\/nice-snyder.92-205-231-245.plesk.page\/index.php?rest_route=%2Fwp%2Fv2%2Fproduct_tag&post=3835"}],"curies":[{"name":"wp","href":"https:\/\/api.w.org\/{rel}","templated":true}]}}